{"id":24056,"date":"2024-10-29T13:39:19","date_gmt":"2024-10-29T11:39:19","guid":{"rendered":"https:\/\/edyceramic-shop.ro\/produs\/piatra-decorativa-modulo-mineral-grey-marble\/"},"modified":"2025-08-01T13:36:38","modified_gmt":"2025-08-01T11:36:38","slug":"piatra-decorativa-modulo-mineral-grey-marble","status":"publish","type":"product","link":"https:\/\/edyceramic-shop.ro\/ro\/produs\/piatra-decorativa-modulo-mineral-grey-marble\/","title":{"rendered":"Piatr\u0103 decorativ\u0103 Modulo Mineral Grey Marble"},"content":{"rendered":"<p>Fie c\u0103 vrei s\u0103 spargi monotonia cu un perete de accent sau c\u0103 vrei s\u0103 \u00eensufle\u021be\u0219ti aspectul gr\u0103dinii, este alegerea perfect\u0103 pentru rezultate de efect. Confec\u021bionat\u0103 din piatr\u0103 autentic\u0103, ofer\u0103 bog\u0103\u021bia natural\u0103 a pietrei \u00eentr-un stil elegant, dar subtil.<\/p>\n<p>\u00cen interior, serve\u0219te drept un excelent fundal \u00een living, dormitor sau baie datorit\u0103 texturii \u0219i a nuan\u021belor amestecate de gri \u00eenchis \u0219i deschis. \u00cen exterior, se va amesteca f\u0103r\u0103 efort cu restul elementelor naturale \u0219i le va completa. C\u00e2nd vine vorba despre piatra natural\u0103 Natimur Mineral Grey, imagina\u021bia ta este limita.<\/p>\n<p>Datorit\u0103 sistemului nostru inovator, beneficiezi de o montare facil\u0103 \u0219i rapid\u0103, indiferent de zona \u00een care alegi s\u0103 folose\u0219ti produsul. Ai nevoie doar de c\u00e2teva accesorii \u0219i pu\u021bin\u0103 imagina\u021bie ca s\u0103 ob\u021bii rezultate profesionale de durat\u0103. Pentru mai multe detalii legate de procesul de montare, consult\u0103 ghidul nostru explicativ pas cu pas de pe website.<\/p>\n<p>Confec\u021bionat\u0103 din piatr\u0103 autentic\u0103, Natimur Mineral Grey se bucur\u0103 de durabilitatea \u0219i de farmecul specific pietrei naturale.<\/p>\n","protected":false},"excerpt":{"rendered":"<p>Fie c\u0103 vrei s\u0103 spargi monotonia cu un perete de accent sau c\u0103 vrei s\u0103 \u00eensufle\u021be\u0219ti aspectul gr\u0103dinii, este alegerea<\/p>\n","protected":false},"featured_media":23705,"template":"","meta":[],"product_brand":[],"product_cat":[467,305],"product_tag":[],"class_list":{"0":"post-24056","1":"product","2":"type-product","3":"status-publish","4":"has-post-thumbnail","6":"product_cat-gresie-si-faianta","7":"product_cat-piatra-decorativa","8":"pa_ambalare-0-46m2-cutie","9":"pa_dimensiune-40x10cm","10":"pa_fabrica-modulo","11":"pa_finisaj-2792","12":"pa_numar-de-placi-in-pachet-2791","13":"pa_rezistent-la-inghet-da","14":"pa_utilizabil-pe-semineu-da","15":"pa_utilizare-interior-exterior","17":"first","18":"instock","19":"purchasable","20":"product-type-simple"},"yoast_head":"<!-- This site is optimized with the Yoast SEO Premium plugin v21.6 (Yoast SEO v22.1) - https:\/\/yoast.com\/wordpress\/plugins\/seo\/ -->\n<title>Piatr\u0103 decorativ\u0103 Modulo Mineral Grey Marble - Edyceramic - magazin online<\/title>\n<meta name=\"robots\" content=\"index, follow, max-snippet:-1, max-image-preview:large, max-video-preview:-1\" \/>\n<link rel=\"canonical\" href=\"https:\/\/edyceramic-shop.ro\/ro\/produs\/piatra-decorativa-modulo-mineral-grey-marble\/\" \/>\n<meta property=\"og:locale\" content=\"ro_RO\" \/>\n<meta property=\"og:type\" content=\"article\" \/>\n<meta property=\"og:title\" content=\"Piatr\u0103 decorativ\u0103 Modulo Mineral Grey Marble\" \/>\n<meta property=\"og:description\" content=\"Fie c\u0103 vrei s\u0103 spargi monotonia cu un perete de accent sau c\u0103 vrei s\u0103 \u00eensufle\u021be\u0219ti aspectul gr\u0103dinii, este alegerea\" \/>\n<meta property=\"og:url\" content=\"https:\/\/edyceramic-shop.ro\/ro\/produs\/piatra-decorativa-modulo-mineral-grey-marble\/\" \/>\n<meta property=\"og:site_name\" content=\"Edyceramic - magazin online\" \/>\n<meta property=\"article:modified_time\" content=\"2025-08-01T11:36:38+00:00\" \/>\n<meta property=\"og:image\" content=\"https:\/\/edyceramic-shop.ro\/wp-content\/uploads\/2024\/10\/natimur_mineral_grey-ambiance-1200x800-1.webp\" \/>\n\t<meta property=\"og:image:width\" content=\"1200\" \/>\n\t<meta property=\"og:image:height\" content=\"800\" \/>\n\t<meta property=\"og:image:type\" content=\"image\/webp\" \/>\n<meta name=\"twitter:card\" content=\"summary_large_image\" \/>\n<meta name=\"twitter:label1\" content=\"Pre\u021b\" \/>\n\t<meta name=\"twitter:data1\" content=\"243,00&nbsp;lei\" \/>\n\t<meta name=\"twitter:label2\" content=\"Disponibilitate\" \/>\n\t<meta name=\"twitter:data2\" content=\"\u00cen stoc\" \/>\n<script type=\"application\/ld+json\" class=\"yoast-schema-graph\">{\"@context\":\"https:\/\/schema.org\",\"@graph\":[{\"@type\":\"WebPage\",\"@id\":\"https:\/\/edyceramic-shop.ro\/produs\/piatra-decorativa-modulo-mineral-grey-marble\/\",\"url\":\"https:\/\/edyceramic-shop.ro\/produs\/piatra-decorativa-modulo-mineral-grey-marble\/\",\"name\":\"Piatr\u0103 decorativ\u0103 Modulo Mineral Grey Marble - Edyceramic - magazin online\",\"isPartOf\":{\"@id\":\"https:\/\/edyceramic-shop.ro\/ro\/#website\"},\"datePublished\":\"2024-10-29T11:39:19+00:00\",\"dateModified\":\"2025-08-01T11:36:38+00:00\",\"breadcrumb\":{\"@id\":\"https:\/\/edyceramic-shop.ro\/produs\/piatra-decorativa-modulo-mineral-grey-marble\/#breadcrumb\"},\"inLanguage\":\"ro-RO\",\"potentialAction\":[{\"@type\":\"ReadAction\",\"target\":[\"https:\/\/edyceramic-shop.ro\/produs\/piatra-decorativa-modulo-mineral-grey-marble\/\"]}]},{\"@type\":\"BreadcrumbList\",\"@id\":\"https:\/\/edyceramic-shop.ro\/produs\/piatra-decorativa-modulo-mineral-grey-marble\/#breadcrumb\",\"itemListElement\":[{\"@type\":\"ListItem\",\"position\":1,\"name\":\"Home\",\"item\":\"https:\/\/edyceramic-shop.ro\/\"},{\"@type\":\"ListItem\",\"position\":2,\"name\":\"Shop\",\"item\":\"https:\/\/edyceramic-shop.ro\/ro\/shop\/\"},{\"@type\":\"ListItem\",\"position\":3,\"name\":\"Piatr\u0103 decorativ\u0103 Modulo Mineral Grey Marble\"}]},{\"@type\":\"WebSite\",\"@id\":\"https:\/\/edyceramic-shop.ro\/ro\/#website\",\"url\":\"https:\/\/edyceramic-shop.ro\/ro\/\",\"name\":\"edyceramic.ro\",\"description\":\"\",\"publisher\":{\"@id\":\"https:\/\/edyceramic-shop.ro\/ro\/#organization\"},\"potentialAction\":[{\"@type\":\"SearchAction\",\"target\":{\"@type\":\"EntryPoint\",\"urlTemplate\":\"https:\/\/edyceramic-shop.ro\/ro\/?s={search_term_string}\"},\"query-input\":\"required name=search_term_string\"}],\"inLanguage\":\"ro-RO\"},{\"@type\":\"Organization\",\"@id\":\"https:\/\/edyceramic-shop.ro\/ro\/#organization\",\"name\":\"Edyceramic\",\"url\":\"https:\/\/edyceramic-shop.ro\/ro\/\",\"logo\":{\"@type\":\"ImageObject\",\"inLanguage\":\"ro-RO\",\"@id\":\"https:\/\/edyceramic-shop.ro\/ro\/#\/schema\/logo\/image\/\",\"url\":\"https:\/\/edyceramic-shop.ro\/wp-content\/uploads\/2024\/02\/Logo-EdyCeramic_2021-lung.png\",\"contentUrl\":\"https:\/\/edyceramic-shop.ro\/wp-content\/uploads\/2024\/02\/Logo-EdyCeramic_2021-lung.png\",\"width\":4491,\"height\":769,\"caption\":\"Edyceramic\"},\"image\":{\"@id\":\"https:\/\/edyceramic-shop.ro\/ro\/#\/schema\/logo\/image\/\"}}]}<\/script>\n<meta property=\"product:price:amount\" content=\"243.00\" \/>\n<meta property=\"product:price:currency\" content=\"RON\" \/>\n<meta property=\"og:availability\" content=\"instock\" \/>\n<meta property=\"product:availability\" content=\"instock\" \/>\n<meta property=\"product:retailer_item_id\" content=\"c6d5268730ad\" \/>\n<meta property=\"product:condition\" content=\"new\" \/>\n<!-- \/ Yoast SEO Premium plugin. -->","yoast_head_json":{"title":"Piatr\u0103 decorativ\u0103 Modulo Mineral Grey Marble - Edyceramic - magazin online","robots":{"index":"index","follow":"follow","max-snippet":"max-snippet:-1","max-image-preview":"max-image-preview:large","max-video-preview":"max-video-preview:-1"},"canonical":"https:\/\/edyceramic-shop.ro\/ro\/produs\/piatra-decorativa-modulo-mineral-grey-marble\/","og_locale":"ro_RO","og_type":"article","og_title":"Piatr\u0103 decorativ\u0103 Modulo Mineral Grey Marble","og_description":"Fie c\u0103 vrei s\u0103 spargi monotonia cu un perete de accent sau c\u0103 vrei s\u0103 \u00eensufle\u021be\u0219ti aspectul gr\u0103dinii, este alegerea","og_url":"https:\/\/edyceramic-shop.ro\/ro\/produs\/piatra-decorativa-modulo-mineral-grey-marble\/","og_site_name":"Edyceramic - magazin online","article_modified_time":"2025-08-01T11:36:38+00:00","og_image":[{"width":1200,"height":800,"url":"https:\/\/edyceramic-shop.ro\/wp-content\/uploads\/2024\/10\/natimur_mineral_grey-ambiance-1200x800-1.webp","type":"image\/webp"}],"twitter_card":"summary_large_image","twitter_misc":{"Pre\u021b":"243,00&nbsp;lei","Disponibilitate":"\u00cen stoc"},"schema":{"@context":"https:\/\/schema.org","@graph":[{"@type":"WebPage","@id":"https:\/\/edyceramic-shop.ro\/produs\/piatra-decorativa-modulo-mineral-grey-marble\/","url":"https:\/\/edyceramic-shop.ro\/produs\/piatra-decorativa-modulo-mineral-grey-marble\/","name":"Piatr\u0103 decorativ\u0103 Modulo Mineral Grey Marble - Edyceramic - magazin online","isPartOf":{"@id":"https:\/\/edyceramic-shop.ro\/ro\/#website"},"datePublished":"2024-10-29T11:39:19+00:00","dateModified":"2025-08-01T11:36:38+00:00","breadcrumb":{"@id":"https:\/\/edyceramic-shop.ro\/produs\/piatra-decorativa-modulo-mineral-grey-marble\/#breadcrumb"},"inLanguage":"ro-RO","potentialAction":[{"@type":"ReadAction","target":["https:\/\/edyceramic-shop.ro\/produs\/piatra-decorativa-modulo-mineral-grey-marble\/"]}]},{"@type":"BreadcrumbList","@id":"https:\/\/edyceramic-shop.ro\/produs\/piatra-decorativa-modulo-mineral-grey-marble\/#breadcrumb","itemListElement":[{"@type":"ListItem","position":1,"name":"Home","item":"https:\/\/edyceramic-shop.ro\/"},{"@type":"ListItem","position":2,"name":"Shop","item":"https:\/\/edyceramic-shop.ro\/ro\/shop\/"},{"@type":"ListItem","position":3,"name":"Piatr\u0103 decorativ\u0103 Modulo Mineral Grey Marble"}]},{"@type":"WebSite","@id":"https:\/\/edyceramic-shop.ro\/ro\/#website","url":"https:\/\/edyceramic-shop.ro\/ro\/","name":"edyceramic.ro","description":"","publisher":{"@id":"https:\/\/edyceramic-shop.ro\/ro\/#organization"},"potentialAction":[{"@type":"SearchAction","target":{"@type":"EntryPoint","urlTemplate":"https:\/\/edyceramic-shop.ro\/ro\/?s={search_term_string}"},"query-input":"required name=search_term_string"}],"inLanguage":"ro-RO"},{"@type":"Organization","@id":"https:\/\/edyceramic-shop.ro\/ro\/#organization","name":"Edyceramic","url":"https:\/\/edyceramic-shop.ro\/ro\/","logo":{"@type":"ImageObject","inLanguage":"ro-RO","@id":"https:\/\/edyceramic-shop.ro\/ro\/#\/schema\/logo\/image\/","url":"https:\/\/edyceramic-shop.ro\/wp-content\/uploads\/2024\/02\/Logo-EdyCeramic_2021-lung.png","contentUrl":"https:\/\/edyceramic-shop.ro\/wp-content\/uploads\/2024\/02\/Logo-EdyCeramic_2021-lung.png","width":4491,"height":769,"caption":"Edyceramic"},"image":{"@id":"https:\/\/edyceramic-shop.ro\/ro\/#\/schema\/logo\/image\/"}}]},"product_price_amount":"243.00","product_price_currency":"RON","og_availability":"instock","product_availability":"instock","product_retailer_item_id":"c6d5268730ad","product_condition":"new"},"jetpack_sharing_enabled":true,"_links":{"self":[{"href":"https:\/\/edyceramic-shop.ro\/ro\/wp-json\/wp\/v2\/product\/24056","targetHints":{"allow":["GET"]}}],"collection":[{"href":"https:\/\/edyceramic-shop.ro\/ro\/wp-json\/wp\/v2\/product"}],"about":[{"href":"https:\/\/edyceramic-shop.ro\/ro\/wp-json\/wp\/v2\/types\/product"}],"version-history":[{"count":1,"href":"https:\/\/edyceramic-shop.ro\/ro\/wp-json\/wp\/v2\/product\/24056\/revisions"}],"predecessor-version":[{"id":24057,"href":"https:\/\/edyceramic-shop.ro\/ro\/wp-json\/wp\/v2\/product\/24056\/revisions\/24057"}],"wp:featuredmedia":[{"embeddable":true,"href":"https:\/\/edyceramic-shop.ro\/ro\/wp-json\/wp\/v2\/media\/23705"}],"wp:attachment":[{"href":"https:\/\/edyceramic-shop.ro\/ro\/wp-json\/wp\/v2\/media?parent=24056"}],"wp:term":[{"taxonomy":"product_brand","embeddable":true,"href":"https:\/\/edyceramic-shop.ro\/ro\/wp-json\/wp\/v2\/product_brand?post=24056"},{"taxonomy":"product_cat","embeddable":true,"href":"https:\/\/edyceramic-shop.ro\/ro\/wp-json\/wp\/v2\/product_cat?post=24056"},{"taxonomy":"product_tag","embeddable":true,"href":"https:\/\/edyceramic-shop.ro\/ro\/wp-json\/wp\/v2\/product_tag?post=24056"}],"curies":[{"name":"wp","href":"https:\/\/api.w.org\/{rel}","templated":true}]}}

Piatră decorativă Modulo Mineral Grey Marble

<p>Fie că vrei să spargi monotonia cu un perete de accent sau că vrei să însuflețești aspectul grădinii, este alegerea perfectă pentru rezultate de efect. Confecționată din piatră autentică, oferă bogăția naturală a pietrei într-un stil elegant, dar subtil.</p>
<p>În interior, servește drept un excelent fundal în living, dormitor sau baie datorită texturii și a nuanțelor amestecate de gri închis și deschis. În exterior, se va amesteca fără efort cu restul elementelor naturale și le va completa. Când vine vorba despre piatra naturală Natimur Mineral Grey, imaginația ta este limita.</p>
<p>Datorită sistemului nostru inovator, beneficiezi de o montare facilă și rapidă, indiferent de zona în care alegi să folosești produsul. Ai nevoie doar de câteva accesorii și puțină imaginație ca să obții rezultate profesionale de durată. Pentru mai multe detalii legate de procesul de montare, consultă ghidul nostru explicativ pas cu pas de pe website.</p>
<p>Confecționată din piatră autentică, Natimur Mineral Grey se bucură de durabilitatea și de farmecul specific pietrei naturale.</p>

<p>Fie că vrei să spargi monotonia cu un perete de accent sau că vrei să însuflețești aspectul grădinii, este alegerea</p>

<!-- This site is optimized with the Yoast SEO Premium plugin v21.6 (Yoast SEO v22.1) - https://yoast.com/wordpress/plugins/seo/ -->
<title>Piatră decorativă Modulo Mineral Grey Marble - Edyceramic - magazin online</title>
<meta name="robots" content="index, follow, max-snippet:-1, max-image-preview:large, max-video-preview:-1" />
<link rel="canonical" href="https://edyceramic-shop.ro/ro/produs/piatra-decorativa-modulo-mineral-grey-marble/" />
<meta property="og:locale" content="ro_RO" />
<meta property="og:type" content="article" />
<meta property="og:title" content="Piatră decorativă Modulo Mineral Grey Marble" />
<meta property="og:description" content="Fie că vrei să spargi monotonia cu un perete de accent sau că vrei să însuflețești aspectul grădinii, este alegerea" />
<meta property="og:url" content="https://edyceramic-shop.ro/ro/produs/piatra-decorativa-modulo-mineral-grey-marble/" />
<meta property="og:site_name" content="Edyceramic - magazin online" />
<meta property="article:modified_time" content="2025-08-01T11:36:38+00:00" />
<meta property="og:image" content="https://edyceramic-shop.ro/wp-content/uploads/2024/10/natimur_mineral_grey-ambiance-1200x800-1.webp" />
	<meta property="og:image:width" content="1200" />
	<meta property="og:image:height" content="800" />
	<meta property="og:image:type" content="image/webp" />
<meta name="twitter:card" content="summary_large_image" />
<meta name="twitter:label1" content="Preț" />
	<meta name="twitter:data1" content="243,00&nbsp;lei" />
	<meta name="twitter:label2" content="Disponibilitate" />
	<meta name="twitter:data2" content="În stoc" />
<script type="application/ld+json" class="yoast-schema-graph">{"@context":"https://schema.org","@graph":[{"@type":"WebPage","@id":"https://edyceramic-shop.ro/produs/piatra-decorativa-modulo-mineral-grey-marble/","url":"https://edyceramic-shop.ro/produs/piatra-decorativa-modulo-mineral-grey-marble/","name":"Piatră decorativă Modulo Mineral Grey Marble - Edyceramic - magazin online","isPartOf":{"@id":"https://edyceramic-shop.ro/ro/#website"},"datePublished":"2024-10-29T11:39:19+00:00","dateModified":"2025-08-01T11:36:38+00:00","breadcrumb":{"@id":"https://edyceramic-shop.ro/produs/piatra-decorativa-modulo-mineral-grey-marble/#breadcrumb"},"inLanguage":"ro-RO","potentialAction":[{"@type":"ReadAction","target":["https://edyceramic-shop.ro/produs/piatra-decorativa-modulo-mineral-grey-marble/"]}]},{"@type":"BreadcrumbList","@id":"https://edyceramic-shop.ro/produs/piatra-decorativa-modulo-mineral-grey-marble/#breadcrumb","itemListElement":[{"@type":"ListItem","position":1,"name":"Home","item":"https://edyceramic-shop.ro/"},{"@type":"ListItem","position":2,"name":"Shop","item":"https://edyceramic-shop.ro/ro/shop/"},{"@type":"ListItem","position":3,"name":"Piatră decorativă Modulo Mineral Grey Marble"}]},{"@type":"WebSite","@id":"https://edyceramic-shop.ro/ro/#website","url":"https://edyceramic-shop.ro/ro/","name":"edyceramic.ro","description":"","publisher":{"@id":"https://edyceramic-shop.ro/ro/#organization"},"potentialAction":[{"@type":"SearchAction","target":{"@type":"EntryPoint","urlTemplate":"https://edyceramic-shop.ro/ro/?s={search_term_string}"},"query-input":"required name=search_term_string"}],"inLanguage":"ro-RO"},{"@type":"Organization","@id":"https://edyceramic-shop.ro/ro/#organization","name":"Edyceramic","url":"https://edyceramic-shop.ro/ro/","logo":{"@type":"ImageObject","inLanguage":"ro-RO","@id":"https://edyceramic-shop.ro/ro/#/schema/logo/image/","url":"https://edyceramic-shop.ro/wp-content/uploads/2024/02/Logo-EdyCeramic_2021-lung.png","contentUrl":"https://edyceramic-shop.ro/wp-content/uploads/2024/02/Logo-EdyCeramic_2021-lung.png","width":4491,"height":769,"caption":"Edyceramic"},"image":{"@id":"https://edyceramic-shop.ro/ro/#/schema/logo/image/"}}]}</script>
<meta property="product:price:amount" content="243.00" />
<meta property="product:price:currency" content="RON" />
<meta property="og:availability" content="instock" />
<meta property="product:availability" content="instock" />
<meta property="product:retailer_item_id" content="c6d5268730ad" />
<meta property="product:condition" content="new" />
<!-- / Yoast SEO Premium plugin. -->

Piatră decorativă Modulo Mineral Grey Marble - Edyceramic - magazin online

Fie că vrei să spargi monotonia cu un perete de accent sau că vrei să însuflețești aspectul grădinii, este alegerea

În stoc
