{"id":2408,"date":"2024-06-26T08:22:48","date_gmt":"2024-06-26T08:22:48","guid":{"rendered":"https:\/\/edyceramic-shop.ro\/product\/mobilier-de-baie-pe-pardoseala-royal-albauriu\/"},"modified":"2025-08-01T13:31:28","modified_gmt":"2025-08-01T11:31:28","slug":"mobilier-de-baie-pe-pardoseala-royal-albauriu","status":"publish","type":"product","link":"https:\/\/edyceramic-shop.ro\/en\/product\/mobilier-de-baie-pe-pardoseala-royal-albauriu\/","title":{"rendered":"Mobilier de baie pe pardoseal\u0103 Royal, Alb+auriu"},"content":{"rendered":"<p>Experimenta\u021bi rafinamentul \u0219i luxul regal cu mobilierul de baie din colec\u021bia Royal. Fiecare pies\u0103 este realizat\u0103 cu migal\u0103 din MDF vopsit alb \u0219i \u00eembog\u0103\u021bit cu o patin\u0103 aurie aplicat\u0103 manual, conferind un farmec aparte fiec\u0103rui detaliu. Procesul de fabrica\u021bie implic\u0103, de asemenea, utilizarea lemnului masiv de frasin, oferind mobilierului durabilitate \u0219i noblete.<\/p>\n<p>Designul clasic \u0219i elegant al colec\u021biei Royal se distinge prin linii rafinate \u0219i contururi \u00eembinate cu patina aurie ce adaug\u0103 o not\u0103 de opulen\u021b\u0103. Culoarea alb\u0103 confer\u0103 mobilierului un aspect luminos \u0219i nobil, integr\u00e2ndu-se perfect \u00een orice baie ce \u00eembr\u0103\u021bi\u0219eaz\u0103 stilul clasic.<\/p>\n<p>Feroneria Blum, sinonim\u0103 cu calitatea superioar\u0103, asigur\u0103 func\u021bionarea fluent\u0103 a sertarelor \u0219i u\u0219ilor, oferind o experien\u021b\u0103 de utilizare excep\u021bional\u0103. Mobilierul Royal aduce nu doar elegan\u021b\u0103, ci \u0219i o senza\u021bie de regalitate \u00een spa\u021biul dvs. de baie.<\/p>\n<p>Ideal pentru cei care caut\u0103 un design clasic \u0219i detaliile rafinate, mobilierul Royal transform\u0103 baia \u00eentr-un spa\u021biu nobil \u0219i plin de stil. Ad\u0103uga\u021bi o not\u0103 de regalitate \u00een rutina zilnic\u0103 cu aceast\u0103 colec\u021bie remarcabil\u0103.<\/p>","protected":false},"excerpt":{"rendered":"<p>Experimenta\u021bi rafinamentul \u0219i luxul regal cu mobilierul de baie din colec\u021bia Royal. Fiecare pies\u0103 este realizat\u0103 cu migal\u0103 din MDF<\/p>","protected":false},"featured_media":2410,"template":"","meta":[],"product_brand":[],"product_cat":[385,387,384],"product_tag":[],"class_list":{"0":"post-2408","1":"product","2":"type-product","3":"status-publish","4":"has-post-thumbnail","6":"product_cat-dulapuri-si-boluri","7":"product_cat-dulapuri-pe-pardoseala","8":"product_cat-mobilier-baie","9":"pa_colectie-royal","10":"pa_culoare-alb-auriu","11":"pa_dimensiune-100cm-latime","12":"pa_fabrica-aqua-rodos","13":"pa_material-mdf-vopsit","14":"pa_montaj-pe-pardoseala","16":"first","17":"instock","18":"purchasable","19":"product-type-simple"},"yoast_head":"<!-- This site is optimized with the Yoast SEO Premium plugin v21.6 (Yoast SEO v22.1) - https:\/\/yoast.com\/wordpress\/plugins\/seo\/ -->\n<title>Mobilier de baie pe pardoseal\u0103 Royal, Alb+auriu - Edyceramic - magazin online<\/title>\n<meta name=\"robots\" content=\"index, follow, max-snippet:-1, max-image-preview:large, max-video-preview:-1\" \/>\n<link rel=\"canonical\" href=\"https:\/\/edyceramic-shop.ro\/en\/product\/mobilier-de-baie-pe-pardoseala-royal-albauriu\/\" \/>\n<meta property=\"og:locale\" content=\"en_US\" \/>\n<meta property=\"og:type\" content=\"article\" \/>\n<meta property=\"og:title\" content=\"Mobilier de baie pe pardoseal\u0103 Royal, Alb+auriu\" \/>\n<meta property=\"og:description\" content=\"Experimenta\u021bi rafinamentul \u0219i luxul regal cu mobilierul de baie din colec\u021bia Royal. Fiecare pies\u0103 este realizat\u0103 cu migal\u0103 din MDF\" \/>\n<meta property=\"og:url\" content=\"https:\/\/edyceramic-shop.ro\/en\/product\/mobilier-de-baie-pe-pardoseala-royal-albauriu\/\" \/>\n<meta property=\"og:site_name\" content=\"Edyceramic - magazin online\" \/>\n<meta property=\"article:modified_time\" content=\"2025-08-01T11:31:28+00:00\" \/>\n<meta property=\"og:image\" content=\"https:\/\/edyceramic-shop.ro\/wp-content\/uploads\/2024\/06\/ck2xapsgpbe3uiqghz6hb2yph0ilhfqh1.webp\" \/>\n\t<meta property=\"og:image:width\" content=\"823\" \/>\n\t<meta property=\"og:image:height\" content=\"823\" \/>\n\t<meta property=\"og:image:type\" content=\"image\/webp\" \/>\n<meta name=\"twitter:card\" content=\"summary_large_image\" \/>\n<meta name=\"twitter:label1\" content=\"Price\" \/>\n\t<meta name=\"twitter:data1\" content=\"4.260,00&nbsp;lei\" \/>\n\t<meta name=\"twitter:label2\" content=\"Availability\" \/>\n\t<meta name=\"twitter:data2\" content=\"In stock\" \/>\n<script type=\"application\/ld+json\" class=\"yoast-schema-graph\">{\"@context\":\"https:\/\/schema.org\",\"@graph\":[{\"@type\":\"WebPage\",\"@id\":\"https:\/\/edyceramic-shop.ro\/produs\/mobilier-de-baie-pe-pardoseala-royal-albauriu\/\",\"url\":\"https:\/\/edyceramic-shop.ro\/produs\/mobilier-de-baie-pe-pardoseala-royal-albauriu\/\",\"name\":\"Mobilier de baie pe pardoseal\u0103 Royal, Alb+auriu - Edyceramic - magazin online\",\"isPartOf\":{\"@id\":\"https:\/\/edyceramic-shop.ro\/ro\/#website\"},\"datePublished\":\"2024-06-26T08:22:48+00:00\",\"dateModified\":\"2025-08-01T11:31:28+00:00\",\"breadcrumb\":{\"@id\":\"https:\/\/edyceramic-shop.ro\/produs\/mobilier-de-baie-pe-pardoseala-royal-albauriu\/#breadcrumb\"},\"inLanguage\":\"en-US\",\"potentialAction\":[{\"@type\":\"ReadAction\",\"target\":[\"https:\/\/edyceramic-shop.ro\/produs\/mobilier-de-baie-pe-pardoseala-royal-albauriu\/\"]}]},{\"@type\":\"BreadcrumbList\",\"@id\":\"https:\/\/edyceramic-shop.ro\/produs\/mobilier-de-baie-pe-pardoseala-royal-albauriu\/#breadcrumb\",\"itemListElement\":[{\"@type\":\"ListItem\",\"position\":1,\"name\":\"Home\",\"item\":\"https:\/\/edyceramic-shop.ro\/\"},{\"@type\":\"ListItem\",\"position\":2,\"name\":\"Shop\",\"item\":\"https:\/\/edyceramic-shop.ro\/ro\/shop\/\"},{\"@type\":\"ListItem\",\"position\":3,\"name\":\"Mobilier de baie pe pardoseal\u0103 Royal, Alb+auriu\"}]},{\"@type\":\"WebSite\",\"@id\":\"https:\/\/edyceramic-shop.ro\/ro\/#website\",\"url\":\"https:\/\/edyceramic-shop.ro\/ro\/\",\"name\":\"edyceramic.ro\",\"description\":\"\",\"publisher\":{\"@id\":\"https:\/\/edyceramic-shop.ro\/ro\/#organization\"},\"potentialAction\":[{\"@type\":\"SearchAction\",\"target\":{\"@type\":\"EntryPoint\",\"urlTemplate\":\"https:\/\/edyceramic-shop.ro\/ro\/?s={search_term_string}\"},\"query-input\":\"required name=search_term_string\"}],\"inLanguage\":\"en-US\"},{\"@type\":\"Organization\",\"@id\":\"https:\/\/edyceramic-shop.ro\/ro\/#organization\",\"name\":\"Edyceramic\",\"url\":\"https:\/\/edyceramic-shop.ro\/ro\/\",\"logo\":{\"@type\":\"ImageObject\",\"inLanguage\":\"en-US\",\"@id\":\"https:\/\/edyceramic-shop.ro\/ro\/#\/schema\/logo\/image\/\",\"url\":\"https:\/\/edyceramic-shop.ro\/wp-content\/uploads\/2024\/02\/Logo-EdyCeramic_2021-lung.png\",\"contentUrl\":\"https:\/\/edyceramic-shop.ro\/wp-content\/uploads\/2024\/02\/Logo-EdyCeramic_2021-lung.png\",\"width\":4491,\"height\":769,\"caption\":\"Edyceramic\"},\"image\":{\"@id\":\"https:\/\/edyceramic-shop.ro\/ro\/#\/schema\/logo\/image\/\"}}]}<\/script>\n<meta property=\"product:price:amount\" content=\"4260.00\" \/>\n<meta property=\"product:price:currency\" content=\"RON\" \/>\n<meta property=\"og:availability\" content=\"instock\" \/>\n<meta property=\"product:availability\" content=\"instock\" \/>\n<meta property=\"product:retailer_item_id\" content=\"d6f0c263c48a\" \/>\n<meta property=\"product:condition\" content=\"new\" \/>\n<!-- \/ Yoast SEO Premium plugin. -->","yoast_head_json":{"title":"Mobilier de baie pe pardoseal\u0103 Royal, Alb+auriu - Edyceramic - magazin online","robots":{"index":"index","follow":"follow","max-snippet":"max-snippet:-1","max-image-preview":"max-image-preview:large","max-video-preview":"max-video-preview:-1"},"canonical":"https:\/\/edyceramic-shop.ro\/en\/product\/mobilier-de-baie-pe-pardoseala-royal-albauriu\/","og_locale":"en_US","og_type":"article","og_title":"Mobilier de baie pe pardoseal\u0103 Royal, Alb+auriu","og_description":"Experimenta\u021bi rafinamentul \u0219i luxul regal cu mobilierul de baie din colec\u021bia Royal. Fiecare pies\u0103 este realizat\u0103 cu migal\u0103 din MDF","og_url":"https:\/\/edyceramic-shop.ro\/en\/product\/mobilier-de-baie-pe-pardoseala-royal-albauriu\/","og_site_name":"Edyceramic - magazin online","article_modified_time":"2025-08-01T11:31:28+00:00","og_image":[{"width":823,"height":823,"url":"https:\/\/edyceramic-shop.ro\/wp-content\/uploads\/2024\/06\/ck2xapsgpbe3uiqghz6hb2yph0ilhfqh1.webp","type":"image\/webp"}],"twitter_card":"summary_large_image","twitter_misc":{"Price":"4.260,00&nbsp;lei","Availability":"In stock"},"schema":{"@context":"https:\/\/schema.org","@graph":[{"@type":"WebPage","@id":"https:\/\/edyceramic-shop.ro\/produs\/mobilier-de-baie-pe-pardoseala-royal-albauriu\/","url":"https:\/\/edyceramic-shop.ro\/produs\/mobilier-de-baie-pe-pardoseala-royal-albauriu\/","name":"Mobilier de baie pe pardoseal\u0103 Royal, Alb+auriu - Edyceramic - magazin online","isPartOf":{"@id":"https:\/\/edyceramic-shop.ro\/ro\/#website"},"datePublished":"2024-06-26T08:22:48+00:00","dateModified":"2025-08-01T11:31:28+00:00","breadcrumb":{"@id":"https:\/\/edyceramic-shop.ro\/produs\/mobilier-de-baie-pe-pardoseala-royal-albauriu\/#breadcrumb"},"inLanguage":"en-US","potentialAction":[{"@type":"ReadAction","target":["https:\/\/edyceramic-shop.ro\/produs\/mobilier-de-baie-pe-pardoseala-royal-albauriu\/"]}]},{"@type":"BreadcrumbList","@id":"https:\/\/edyceramic-shop.ro\/produs\/mobilier-de-baie-pe-pardoseala-royal-albauriu\/#breadcrumb","itemListElement":[{"@type":"ListItem","position":1,"name":"Home","item":"https:\/\/edyceramic-shop.ro\/"},{"@type":"ListItem","position":2,"name":"Shop","item":"https:\/\/edyceramic-shop.ro\/ro\/shop\/"},{"@type":"ListItem","position":3,"name":"Mobilier de baie pe pardoseal\u0103 Royal, Alb+auriu"}]},{"@type":"WebSite","@id":"https:\/\/edyceramic-shop.ro\/ro\/#website","url":"https:\/\/edyceramic-shop.ro\/ro\/","name":"edyceramic.ro","description":"","publisher":{"@id":"https:\/\/edyceramic-shop.ro\/ro\/#organization"},"potentialAction":[{"@type":"SearchAction","target":{"@type":"EntryPoint","urlTemplate":"https:\/\/edyceramic-shop.ro\/ro\/?s={search_term_string}"},"query-input":"required name=search_term_string"}],"inLanguage":"en-US"},{"@type":"Organization","@id":"https:\/\/edyceramic-shop.ro\/ro\/#organization","name":"Edyceramic","url":"https:\/\/edyceramic-shop.ro\/ro\/","logo":{"@type":"ImageObject","inLanguage":"en-US","@id":"https:\/\/edyceramic-shop.ro\/ro\/#\/schema\/logo\/image\/","url":"https:\/\/edyceramic-shop.ro\/wp-content\/uploads\/2024\/02\/Logo-EdyCeramic_2021-lung.png","contentUrl":"https:\/\/edyceramic-shop.ro\/wp-content\/uploads\/2024\/02\/Logo-EdyCeramic_2021-lung.png","width":4491,"height":769,"caption":"Edyceramic"},"image":{"@id":"https:\/\/edyceramic-shop.ro\/ro\/#\/schema\/logo\/image\/"}}]},"product_price_amount":"4260.00","product_price_currency":"RON","og_availability":"instock","product_availability":"instock","product_retailer_item_id":"d6f0c263c48a","product_condition":"new"},"jetpack_sharing_enabled":true,"_links":{"self":[{"href":"https:\/\/edyceramic-shop.ro\/en\/wp-json\/wp\/v2\/product\/2408","targetHints":{"allow":["GET"]}}],"collection":[{"href":"https:\/\/edyceramic-shop.ro\/en\/wp-json\/wp\/v2\/product"}],"about":[{"href":"https:\/\/edyceramic-shop.ro\/en\/wp-json\/wp\/v2\/types\/product"}],"version-history":[{"count":0,"href":"https:\/\/edyceramic-shop.ro\/en\/wp-json\/wp\/v2\/product\/2408\/revisions"}],"wp:featuredmedia":[{"embeddable":true,"href":"https:\/\/edyceramic-shop.ro\/en\/wp-json\/wp\/v2\/media\/2410"}],"wp:attachment":[{"href":"https:\/\/edyceramic-shop.ro\/en\/wp-json\/wp\/v2\/media?parent=2408"}],"wp:term":[{"taxonomy":"product_brand","embeddable":true,"href":"https:\/\/edyceramic-shop.ro\/en\/wp-json\/wp\/v2\/product_brand?post=2408"},{"taxonomy":"product_cat","embeddable":true,"href":"https:\/\/edyceramic-shop.ro\/en\/wp-json\/wp\/v2\/product_cat?post=2408"},{"taxonomy":"product_tag","embeddable":true,"href":"https:\/\/edyceramic-shop.ro\/en\/wp-json\/wp\/v2\/product_tag?post=2408"}],"curies":[{"name":"wp","href":"https:\/\/api.w.org\/{rel}","templated":true}]}}

Mobilier de baie pe pardoseală Royal, Alb+auriu

<p>Experimentați rafinamentul și luxul regal cu mobilierul de baie din colecția Royal. Fiecare piesă este realizată cu migală din MDF vopsit alb și îmbogățit cu o patină aurie aplicată manual, conferind un farmec aparte fiecărui detaliu. Procesul de fabricație implică, de asemenea, utilizarea lemnului masiv de frasin, oferind mobilierului durabilitate și noblete.</p>
<p>Designul clasic și elegant al colecției Royal se distinge prin linii rafinate și contururi îmbinate cu patina aurie ce adaugă o notă de opulență. Culoarea albă conferă mobilierului un aspect luminos și nobil, integrându-se perfect în orice baie ce îmbrățișează stilul clasic.</p>
<p>Feroneria Blum, sinonimă cu calitatea superioară, asigură funcționarea fluentă a sertarelor și ușilor, oferind o experiență de utilizare excepțională. Mobilierul Royal aduce nu doar eleganță, ci și o senzație de regalitate în spațiul dvs. de baie.</p>
<p>Ideal pentru cei care caută un design clasic și detaliile rafinate, mobilierul Royal transformă baia într-un spațiu nobil și plin de stil. Adăugați o notă de regalitate în rutina zilnică cu această colecție remarcabilă.</p>

<p>Experimentați rafinamentul și luxul regal cu mobilierul de baie din colecția Royal. Fiecare piesă este realizată cu migală din MDF</p>

<!-- This site is optimized with the Yoast SEO Premium plugin v21.6 (Yoast SEO v22.1) - https://yoast.com/wordpress/plugins/seo/ -->
<title>Mobilier de baie pe pardoseală Royal, Alb+auriu - Edyceramic - magazin online</title>
<meta name="robots" content="index, follow, max-snippet:-1, max-image-preview:large, max-video-preview:-1" />
<link rel="canonical" href="https://edyceramic-shop.ro/en/product/mobilier-de-baie-pe-pardoseala-royal-albauriu/" />
<meta property="og:locale" content="en_US" />
<meta property="og:type" content="article" />
<meta property="og:title" content="Mobilier de baie pe pardoseală Royal, Alb+auriu" />
<meta property="og:description" content="Experimentați rafinamentul și luxul regal cu mobilierul de baie din colecția Royal. Fiecare piesă este realizată cu migală din MDF" />
<meta property="og:url" content="https://edyceramic-shop.ro/en/product/mobilier-de-baie-pe-pardoseala-royal-albauriu/" />
<meta property="og:site_name" content="Edyceramic - magazin online" />
<meta property="article:modified_time" content="2025-08-01T11:31:28+00:00" />
<meta property="og:image" content="https://edyceramic-shop.ro/wp-content/uploads/2024/06/ck2xapsgpbe3uiqghz6hb2yph0ilhfqh1.webp" />
	<meta property="og:image:width" content="823" />
	<meta property="og:image:height" content="823" />
	<meta property="og:image:type" content="image/webp" />
<meta name="twitter:card" content="summary_large_image" />
<meta name="twitter:label1" content="Price" />
	<meta name="twitter:data1" content="4.260,00&nbsp;lei" />
	<meta name="twitter:label2" content="Availability" />
	<meta name="twitter:data2" content="In stock" />
<script type="application/ld+json" class="yoast-schema-graph">{"@context":"https://schema.org","@graph":[{"@type":"WebPage","@id":"https://edyceramic-shop.ro/produs/mobilier-de-baie-pe-pardoseala-royal-albauriu/","url":"https://edyceramic-shop.ro/produs/mobilier-de-baie-pe-pardoseala-royal-albauriu/","name":"Mobilier de baie pe pardoseală Royal, Alb+auriu - Edyceramic - magazin online","isPartOf":{"@id":"https://edyceramic-shop.ro/ro/#website"},"datePublished":"2024-06-26T08:22:48+00:00","dateModified":"2025-08-01T11:31:28+00:00","breadcrumb":{"@id":"https://edyceramic-shop.ro/produs/mobilier-de-baie-pe-pardoseala-royal-albauriu/#breadcrumb"},"inLanguage":"en-US","potentialAction":[{"@type":"ReadAction","target":["https://edyceramic-shop.ro/produs/mobilier-de-baie-pe-pardoseala-royal-albauriu/"]}]},{"@type":"BreadcrumbList","@id":"https://edyceramic-shop.ro/produs/mobilier-de-baie-pe-pardoseala-royal-albauriu/#breadcrumb","itemListElement":[{"@type":"ListItem","position":1,"name":"Home","item":"https://edyceramic-shop.ro/"},{"@type":"ListItem","position":2,"name":"Shop","item":"https://edyceramic-shop.ro/ro/shop/"},{"@type":"ListItem","position":3,"name":"Mobilier de baie pe pardoseală Royal, Alb+auriu"}]},{"@type":"WebSite","@id":"https://edyceramic-shop.ro/ro/#website","url":"https://edyceramic-shop.ro/ro/","name":"edyceramic.ro","description":"","publisher":{"@id":"https://edyceramic-shop.ro/ro/#organization"},"potentialAction":[{"@type":"SearchAction","target":{"@type":"EntryPoint","urlTemplate":"https://edyceramic-shop.ro/ro/?s={search_term_string}"},"query-input":"required name=search_term_string"}],"inLanguage":"en-US"},{"@type":"Organization","@id":"https://edyceramic-shop.ro/ro/#organization","name":"Edyceramic","url":"https://edyceramic-shop.ro/ro/","logo":{"@type":"ImageObject","inLanguage":"en-US","@id":"https://edyceramic-shop.ro/ro/#/schema/logo/image/","url":"https://edyceramic-shop.ro/wp-content/uploads/2024/02/Logo-EdyCeramic_2021-lung.png","contentUrl":"https://edyceramic-shop.ro/wp-content/uploads/2024/02/Logo-EdyCeramic_2021-lung.png","width":4491,"height":769,"caption":"Edyceramic"},"image":{"@id":"https://edyceramic-shop.ro/ro/#/schema/logo/image/"}}]}</script>
<meta property="product:price:amount" content="4260.00" />
<meta property="product:price:currency" content="RON" />
<meta property="og:availability" content="instock" />
<meta property="product:availability" content="instock" />
<meta property="product:retailer_item_id" content="d6f0c263c48a" />
<meta property="product:condition" content="new" />
<!-- / Yoast SEO Premium plugin. -->

Mobilier de baie pe pardoseală Royal, Alb+auriu - Edyceramic - magazin online

Experimentați rafinamentul și luxul regal cu mobilierul de baie din colecția Royal. Fiecare piesă este realizată cu migală din MDF
