{"id":15555,"date":"2024-09-22T19:55:23","date_gmt":"2024-09-22T19:55:23","guid":{"rendered":"https:\/\/edyceramic-shop.ro\/product\/lavoar-sub-blat-karag-51x38-5cm-alb-5206836102634\/"},"modified":"2025-08-01T13:34:50","modified_gmt":"2025-08-01T11:34:50","slug":"lavoar-sub-blat-karag-51x38-5cm-alb-5206836102634","status":"publish","type":"product","link":"https:\/\/edyceramic-shop.ro\/en\/product\/lavoar-sub-blat-karag-51x38-5cm-alb-5206836102634\/","title":{"rendered":"LAVOAR SUB BLAT KARAG 51&#215;38.5cm ALB 5206836102634"},"content":{"rendered":"<p>Lavoarul cu montaj sub blat din por\u021belan de la Karag este solu\u021bia ideal\u0103 pentru o baie cu un aspect modern \u0219i minimalist. Fabricat din por\u021belan de \u00eenalt\u0103 calitate, acest lavoar impresioneaz\u0103 prin finisajul s\u0103u lucios, durabil \u0219i u\u0219or de \u00eentre\u021binut. Designul s\u0103u elegant, cu margini perfect integrate sub blat, creeaz\u0103 un aspect uniform \u0219i curat, oferind \u00een acela\u0219i timp mai mult spa\u021biu liber pe suprafa\u021ba blatului.<\/p>\n<p>Materialul din por\u021belan este renumit pentru rezisten\u021ba sa la zg\u00e2rieturi, pete \u0219i decolor\u0103ri, asigur\u00e2nd o utilizare \u00eendelungat\u0103 f\u0103r\u0103 a compromite aspectul estetic. Lavoarul cu montaj sub blat de la Karag combin\u0103 estetica sofisticat\u0103 cu func\u021bionalitatea practic\u0103, fiind ideal pentru cei care \u00ee\u0219i doresc un spa\u021biu de baie rafinat \u0219i bine organizat.<\/p>","protected":false},"excerpt":{"rendered":"<p>Lavoarul cu montaj sub blat din por\u021belan de la Karag este solu\u021bia ideal\u0103 pentru o baie cu un aspect modern<\/p>","protected":false},"featured_media":15557,"template":"","meta":[],"product_brand":[],"product_cat":[385,336,384],"product_tag":[],"class_list":{"0":"post-15555","1":"product","2":"type-product","3":"status-publish","4":"has-post-thumbnail","6":"product_cat-dulapuri-si-boluri","7":"product_cat-lavoare","8":"product_cat-mobilier-baie","9":"pa_culoare-alb","10":"pa_dimensiune-510385180mm","11":"pa_fabrica-karag","12":"pa_material-portelan","13":"pa_montare-sub-blat","15":"first","16":"instock","17":"purchasable","18":"product-type-simple"},"yoast_head":"<!-- This site is optimized with the Yoast SEO Premium plugin v21.6 (Yoast SEO v22.1) - https:\/\/yoast.com\/wordpress\/plugins\/seo\/ -->\n<title>LAVOAR SUB BLAT KARAG 51x38.5cm ALB 5206836102634 - Edyceramic - magazin online<\/title>\n<meta name=\"robots\" content=\"index, follow, max-snippet:-1, max-image-preview:large, max-video-preview:-1\" \/>\n<link rel=\"canonical\" href=\"https:\/\/edyceramic-shop.ro\/en\/product\/lavoar-sub-blat-karag-51x38-5cm-alb-5206836102634\/\" \/>\n<meta property=\"og:locale\" content=\"en_US\" \/>\n<meta property=\"og:type\" content=\"article\" \/>\n<meta property=\"og:title\" content=\"LAVOAR SUB BLAT KARAG 51x38.5cm ALB 5206836102634\" \/>\n<meta property=\"og:description\" content=\"Lavoarul cu montaj sub blat din por\u021belan de la Karag este solu\u021bia ideal\u0103 pentru o baie cu un aspect modern\" \/>\n<meta property=\"og:url\" content=\"https:\/\/edyceramic-shop.ro\/en\/product\/lavoar-sub-blat-karag-51x38-5cm-alb-5206836102634\/\" \/>\n<meta property=\"og:site_name\" content=\"Edyceramic - magazin online\" \/>\n<meta property=\"article:modified_time\" content=\"2025-08-01T11:34:50+00:00\" \/>\n<meta property=\"og:image\" content=\"https:\/\/edyceramic-shop.ro\/wp-content\/uploads\/2024\/09\/lavoar-sub-blat-52cm-1.webp\" \/>\n\t<meta property=\"og:image:width\" content=\"1000\" \/>\n\t<meta property=\"og:image:height\" content=\"1000\" \/>\n\t<meta property=\"og:image:type\" content=\"image\/jpeg\" \/>\n<meta name=\"twitter:card\" content=\"summary_large_image\" \/>\n<meta name=\"twitter:label1\" content=\"Price\" \/>\n\t<meta name=\"twitter:data1\" content=\"721,00&nbsp;lei\" \/>\n\t<meta name=\"twitter:label2\" content=\"Availability\" \/>\n\t<meta name=\"twitter:data2\" content=\"In stock\" \/>\n<script type=\"application\/ld+json\" class=\"yoast-schema-graph\">{\"@context\":\"https:\/\/schema.org\",\"@graph\":[{\"@type\":\"WebPage\",\"@id\":\"https:\/\/edyceramic-shop.ro\/produs\/lavoar-sub-blat-karag-51x38-5cm-alb-5206836102634\/\",\"url\":\"https:\/\/edyceramic-shop.ro\/produs\/lavoar-sub-blat-karag-51x38-5cm-alb-5206836102634\/\",\"name\":\"LAVOAR SUB BLAT KARAG 51x38.5cm ALB 5206836102634 - Edyceramic - magazin online\",\"isPartOf\":{\"@id\":\"https:\/\/edyceramic-shop.ro\/ro\/#website\"},\"datePublished\":\"2024-09-22T19:55:23+00:00\",\"dateModified\":\"2025-08-01T11:34:50+00:00\",\"breadcrumb\":{\"@id\":\"https:\/\/edyceramic-shop.ro\/produs\/lavoar-sub-blat-karag-51x38-5cm-alb-5206836102634\/#breadcrumb\"},\"inLanguage\":\"en-US\",\"potentialAction\":[{\"@type\":\"ReadAction\",\"target\":[\"https:\/\/edyceramic-shop.ro\/produs\/lavoar-sub-blat-karag-51x38-5cm-alb-5206836102634\/\"]}]},{\"@type\":\"BreadcrumbList\",\"@id\":\"https:\/\/edyceramic-shop.ro\/produs\/lavoar-sub-blat-karag-51x38-5cm-alb-5206836102634\/#breadcrumb\",\"itemListElement\":[{\"@type\":\"ListItem\",\"position\":1,\"name\":\"Home\",\"item\":\"https:\/\/edyceramic-shop.ro\/\"},{\"@type\":\"ListItem\",\"position\":2,\"name\":\"Shop\",\"item\":\"https:\/\/edyceramic-shop.ro\/ro\/shop\/\"},{\"@type\":\"ListItem\",\"position\":3,\"name\":\"LAVOAR SUB BLAT KARAG 51&#215;38.5cm ALB 5206836102634\"}]},{\"@type\":\"WebSite\",\"@id\":\"https:\/\/edyceramic-shop.ro\/ro\/#website\",\"url\":\"https:\/\/edyceramic-shop.ro\/ro\/\",\"name\":\"edyceramic.ro\",\"description\":\"\",\"publisher\":{\"@id\":\"https:\/\/edyceramic-shop.ro\/ro\/#organization\"},\"potentialAction\":[{\"@type\":\"SearchAction\",\"target\":{\"@type\":\"EntryPoint\",\"urlTemplate\":\"https:\/\/edyceramic-shop.ro\/ro\/?s={search_term_string}\"},\"query-input\":\"required name=search_term_string\"}],\"inLanguage\":\"en-US\"},{\"@type\":\"Organization\",\"@id\":\"https:\/\/edyceramic-shop.ro\/ro\/#organization\",\"name\":\"Edyceramic\",\"url\":\"https:\/\/edyceramic-shop.ro\/ro\/\",\"logo\":{\"@type\":\"ImageObject\",\"inLanguage\":\"en-US\",\"@id\":\"https:\/\/edyceramic-shop.ro\/ro\/#\/schema\/logo\/image\/\",\"url\":\"https:\/\/edyceramic-shop.ro\/wp-content\/uploads\/2024\/02\/Logo-EdyCeramic_2021-lung.png\",\"contentUrl\":\"https:\/\/edyceramic-shop.ro\/wp-content\/uploads\/2024\/02\/Logo-EdyCeramic_2021-lung.png\",\"width\":4491,\"height\":769,\"caption\":\"Edyceramic\"},\"image\":{\"@id\":\"https:\/\/edyceramic-shop.ro\/ro\/#\/schema\/logo\/image\/\"}}]}<\/script>\n<meta property=\"product:price:amount\" content=\"721.00\" \/>\n<meta property=\"product:price:currency\" content=\"RON\" \/>\n<meta property=\"og:availability\" content=\"instock\" \/>\n<meta property=\"product:availability\" content=\"instock\" \/>\n<meta property=\"product:retailer_item_id\" content=\"5ada948c6232\" \/>\n<meta property=\"product:condition\" content=\"new\" \/>\n<!-- \/ Yoast SEO Premium plugin. -->","yoast_head_json":{"title":"LAVOAR SUB BLAT KARAG 51x38.5cm ALB 5206836102634 - Edyceramic - magazin online","robots":{"index":"index","follow":"follow","max-snippet":"max-snippet:-1","max-image-preview":"max-image-preview:large","max-video-preview":"max-video-preview:-1"},"canonical":"https:\/\/edyceramic-shop.ro\/en\/product\/lavoar-sub-blat-karag-51x38-5cm-alb-5206836102634\/","og_locale":"en_US","og_type":"article","og_title":"LAVOAR SUB BLAT KARAG 51x38.5cm ALB 5206836102634","og_description":"Lavoarul cu montaj sub blat din por\u021belan de la Karag este solu\u021bia ideal\u0103 pentru o baie cu un aspect modern","og_url":"https:\/\/edyceramic-shop.ro\/en\/product\/lavoar-sub-blat-karag-51x38-5cm-alb-5206836102634\/","og_site_name":"Edyceramic - magazin online","article_modified_time":"2025-08-01T11:34:50+00:00","og_image":[{"width":1000,"height":1000,"url":"https:\/\/edyceramic-shop.ro\/wp-content\/uploads\/2024\/09\/lavoar-sub-blat-52cm-1.webp","type":"image\/jpeg"}],"twitter_card":"summary_large_image","twitter_misc":{"Price":"721,00&nbsp;lei","Availability":"In stock"},"schema":{"@context":"https:\/\/schema.org","@graph":[{"@type":"WebPage","@id":"https:\/\/edyceramic-shop.ro\/produs\/lavoar-sub-blat-karag-51x38-5cm-alb-5206836102634\/","url":"https:\/\/edyceramic-shop.ro\/produs\/lavoar-sub-blat-karag-51x38-5cm-alb-5206836102634\/","name":"LAVOAR SUB BLAT KARAG 51x38.5cm ALB 5206836102634 - Edyceramic - magazin online","isPartOf":{"@id":"https:\/\/edyceramic-shop.ro\/ro\/#website"},"datePublished":"2024-09-22T19:55:23+00:00","dateModified":"2025-08-01T11:34:50+00:00","breadcrumb":{"@id":"https:\/\/edyceramic-shop.ro\/produs\/lavoar-sub-blat-karag-51x38-5cm-alb-5206836102634\/#breadcrumb"},"inLanguage":"en-US","potentialAction":[{"@type":"ReadAction","target":["https:\/\/edyceramic-shop.ro\/produs\/lavoar-sub-blat-karag-51x38-5cm-alb-5206836102634\/"]}]},{"@type":"BreadcrumbList","@id":"https:\/\/edyceramic-shop.ro\/produs\/lavoar-sub-blat-karag-51x38-5cm-alb-5206836102634\/#breadcrumb","itemListElement":[{"@type":"ListItem","position":1,"name":"Home","item":"https:\/\/edyceramic-shop.ro\/"},{"@type":"ListItem","position":2,"name":"Shop","item":"https:\/\/edyceramic-shop.ro\/ro\/shop\/"},{"@type":"ListItem","position":3,"name":"LAVOAR SUB BLAT KARAG 51&#215;38.5cm ALB 5206836102634"}]},{"@type":"WebSite","@id":"https:\/\/edyceramic-shop.ro\/ro\/#website","url":"https:\/\/edyceramic-shop.ro\/ro\/","name":"edyceramic.ro","description":"","publisher":{"@id":"https:\/\/edyceramic-shop.ro\/ro\/#organization"},"potentialAction":[{"@type":"SearchAction","target":{"@type":"EntryPoint","urlTemplate":"https:\/\/edyceramic-shop.ro\/ro\/?s={search_term_string}"},"query-input":"required name=search_term_string"}],"inLanguage":"en-US"},{"@type":"Organization","@id":"https:\/\/edyceramic-shop.ro\/ro\/#organization","name":"Edyceramic","url":"https:\/\/edyceramic-shop.ro\/ro\/","logo":{"@type":"ImageObject","inLanguage":"en-US","@id":"https:\/\/edyceramic-shop.ro\/ro\/#\/schema\/logo\/image\/","url":"https:\/\/edyceramic-shop.ro\/wp-content\/uploads\/2024\/02\/Logo-EdyCeramic_2021-lung.png","contentUrl":"https:\/\/edyceramic-shop.ro\/wp-content\/uploads\/2024\/02\/Logo-EdyCeramic_2021-lung.png","width":4491,"height":769,"caption":"Edyceramic"},"image":{"@id":"https:\/\/edyceramic-shop.ro\/ro\/#\/schema\/logo\/image\/"}}]},"product_price_amount":"721.00","product_price_currency":"RON","og_availability":"instock","product_availability":"instock","product_retailer_item_id":"5ada948c6232","product_condition":"new"},"jetpack_sharing_enabled":true,"_links":{"self":[{"href":"https:\/\/edyceramic-shop.ro\/en\/wp-json\/wp\/v2\/product\/15555","targetHints":{"allow":["GET"]}}],"collection":[{"href":"https:\/\/edyceramic-shop.ro\/en\/wp-json\/wp\/v2\/product"}],"about":[{"href":"https:\/\/edyceramic-shop.ro\/en\/wp-json\/wp\/v2\/types\/product"}],"version-history":[{"count":1,"href":"https:\/\/edyceramic-shop.ro\/en\/wp-json\/wp\/v2\/product\/15555\/revisions"}],"predecessor-version":[{"id":15556,"href":"https:\/\/edyceramic-shop.ro\/en\/wp-json\/wp\/v2\/product\/15555\/revisions\/15556"}],"wp:featuredmedia":[{"embeddable":true,"href":"https:\/\/edyceramic-shop.ro\/en\/wp-json\/wp\/v2\/media\/15557"}],"wp:attachment":[{"href":"https:\/\/edyceramic-shop.ro\/en\/wp-json\/wp\/v2\/media?parent=15555"}],"wp:term":[{"taxonomy":"product_brand","embeddable":true,"href":"https:\/\/edyceramic-shop.ro\/en\/wp-json\/wp\/v2\/product_brand?post=15555"},{"taxonomy":"product_cat","embeddable":true,"href":"https:\/\/edyceramic-shop.ro\/en\/wp-json\/wp\/v2\/product_cat?post=15555"},{"taxonomy":"product_tag","embeddable":true,"href":"https:\/\/edyceramic-shop.ro\/en\/wp-json\/wp\/v2\/product_tag?post=15555"}],"curies":[{"name":"wp","href":"https:\/\/api.w.org\/{rel}","templated":true}]}}

<p>Lavoarul cu montaj sub blat din porțelan de la Karag este soluția ideală pentru o baie cu un aspect modern și minimalist. Fabricat din porțelan de înaltă calitate, acest lavoar impresionează prin finisajul său lucios, durabil și ușor de întreținut. Designul său elegant, cu margini perfect integrate sub blat, creează un aspect uniform și curat, oferind în același timp mai mult spațiu liber pe suprafața blatului.</p>
<p>Materialul din porțelan este renumit pentru rezistența sa la zgârieturi, pete și decolorări, asigurând o utilizare îndelungată fără a compromite aspectul estetic. Lavoarul cu montaj sub blat de la Karag combină estetica sofisticată cu funcționalitatea practică, fiind ideal pentru cei care își doresc un spațiu de baie rafinat și bine organizat.</p>

<p>Lavoarul cu montaj sub blat din porțelan de la Karag este soluția ideală pentru o baie cu un aspect modern</p>

<!-- This site is optimized with the Yoast SEO Premium plugin v21.6 (Yoast SEO v22.1) - https://yoast.com/wordpress/plugins/seo/ -->
<title>LAVOAR SUB BLAT KARAG 51x38.5cm ALB 5206836102634 - Edyceramic - magazin online</title>
<meta name="robots" content="index, follow, max-snippet:-1, max-image-preview:large, max-video-preview:-1" />
<link rel="canonical" href="https://edyceramic-shop.ro/en/product/lavoar-sub-blat-karag-51x38-5cm-alb-5206836102634/" />
<meta property="og:locale" content="en_US" />
<meta property="og:type" content="article" />
<meta property="og:title" content="LAVOAR SUB BLAT KARAG 51x38.5cm ALB 5206836102634" />
<meta property="og:description" content="Lavoarul cu montaj sub blat din porțelan de la Karag este soluția ideală pentru o baie cu un aspect modern" />
<meta property="og:url" content="https://edyceramic-shop.ro/en/product/lavoar-sub-blat-karag-51x38-5cm-alb-5206836102634/" />
<meta property="og:site_name" content="Edyceramic - magazin online" />
<meta property="article:modified_time" content="2025-08-01T11:34:50+00:00" />
<meta property="og:image" content="https://edyceramic-shop.ro/wp-content/uploads/2024/09/lavoar-sub-blat-52cm-1.webp" />
	<meta property="og:image:width" content="1000" />
	<meta property="og:image:height" content="1000" />
	<meta property="og:image:type" content="image/jpeg" />
<meta name="twitter:card" content="summary_large_image" />
<meta name="twitter:label1" content="Price" />
	<meta name="twitter:data1" content="721,00&nbsp;lei" />
	<meta name="twitter:label2" content="Availability" />
	<meta name="twitter:data2" content="In stock" />
<script type="application/ld+json" class="yoast-schema-graph">{"@context":"https://schema.org","@graph":[{"@type":"WebPage","@id":"https://edyceramic-shop.ro/produs/lavoar-sub-blat-karag-51x38-5cm-alb-5206836102634/","url":"https://edyceramic-shop.ro/produs/lavoar-sub-blat-karag-51x38-5cm-alb-5206836102634/","name":"LAVOAR SUB BLAT KARAG 51x38.5cm ALB 5206836102634 - Edyceramic - magazin online","isPartOf":{"@id":"https://edyceramic-shop.ro/ro/#website"},"datePublished":"2024-09-22T19:55:23+00:00","dateModified":"2025-08-01T11:34:50+00:00","breadcrumb":{"@id":"https://edyceramic-shop.ro/produs/lavoar-sub-blat-karag-51x38-5cm-alb-5206836102634/#breadcrumb"},"inLanguage":"en-US","potentialAction":[{"@type":"ReadAction","target":["https://edyceramic-shop.ro/produs/lavoar-sub-blat-karag-51x38-5cm-alb-5206836102634/"]}]},{"@type":"BreadcrumbList","@id":"https://edyceramic-shop.ro/produs/lavoar-sub-blat-karag-51x38-5cm-alb-5206836102634/#breadcrumb","itemListElement":[{"@type":"ListItem","position":1,"name":"Home","item":"https://edyceramic-shop.ro/"},{"@type":"ListItem","position":2,"name":"Shop","item":"https://edyceramic-shop.ro/ro/shop/"},{"@type":"ListItem","position":3,"name":"LAVOAR SUB BLAT KARAG 51&#215;38.5cm ALB 5206836102634"}]},{"@type":"WebSite","@id":"https://edyceramic-shop.ro/ro/#website","url":"https://edyceramic-shop.ro/ro/","name":"edyceramic.ro","description":"","publisher":{"@id":"https://edyceramic-shop.ro/ro/#organization"},"potentialAction":[{"@type":"SearchAction","target":{"@type":"EntryPoint","urlTemplate":"https://edyceramic-shop.ro/ro/?s={search_term_string}"},"query-input":"required name=search_term_string"}],"inLanguage":"en-US"},{"@type":"Organization","@id":"https://edyceramic-shop.ro/ro/#organization","name":"Edyceramic","url":"https://edyceramic-shop.ro/ro/","logo":{"@type":"ImageObject","inLanguage":"en-US","@id":"https://edyceramic-shop.ro/ro/#/schema/logo/image/","url":"https://edyceramic-shop.ro/wp-content/uploads/2024/02/Logo-EdyCeramic_2021-lung.png","contentUrl":"https://edyceramic-shop.ro/wp-content/uploads/2024/02/Logo-EdyCeramic_2021-lung.png","width":4491,"height":769,"caption":"Edyceramic"},"image":{"@id":"https://edyceramic-shop.ro/ro/#/schema/logo/image/"}}]}</script>
<meta property="product:price:amount" content="721.00" />
<meta property="product:price:currency" content="RON" />
<meta property="og:availability" content="instock" />
<meta property="product:availability" content="instock" />
<meta property="product:retailer_item_id" content="5ada948c6232" />
<meta property="product:condition" content="new" />
<!-- / Yoast SEO Premium plugin. -->

Lavoarul cu montaj sub blat din porțelan de la Karag este soluția ideală pentru o baie cu un aspect modern
